 g(0). Let k be 34/(5*5/25). Suppose -o = -k + p. Is o a multiple of 15?
True
Suppose -3*u + 0*u - 12 = 0. Let a = u + 6. Is 17 a factor of 17*a - (7 + -7)?
True
Let y(c) = c - 3*c - 2 + 0. Is y(-5) a multiple of 8?
True
Let p(l) be the second derivative of l + 0 + 1/2*l**3 + 2*l**2. Is p(6) a multiple of 11?
True
Suppose -161 = -4*z - z - 3*o, o - 126 = -4*z. Is 2 a factor of z?
False
Suppose -10*x - 70 = -9*x. Is 23 a factor of (x + 1)*8/(-24)?
True
Let u = -12 - -61. Is 7 a factor of u?
True
Let r = 4 + -7. Is (-176)/(-12) + r/(-9) a multiple of 15?
True
Suppose 2*g = -5*a + 94, -4*a + 12 = -a. Does 8 divide g?
False
Let n = 7 - 10. Is (-3)/(n/1) - -4 a multiple of 5?
True
Let l(c) = c**2 + 8*c + 5. Let h be l(-7). Let f be h/(-1) + (-3 - 0). Is 18 a factor of 654/18 - f/(-3)?
True
Let k(c) = -3*c**2 + 2*c**2 - 4*c + 0*c + 4 + 3. Let s be k(-5). Suppose -5 - 1 = -s*d. Is 3 a factor of d?
True
Suppose -13*u + 15*u = 42. Is u a multiple of 7?
True
Let q be 1*-1 - -2 - -14. Suppose -2*f + 3*g + 12 = 0, 2*f + 4*g + 16 = -f. Suppose f = k - 2*a - q, 4*k = -a + 17 + 16. Is k a multiple of 9?
True
Suppose -55 = 9*s - 10*s. Does 11 divide s?
True
Suppose -3*i = 3*f - 7*i - 12, 0 = -5*f + 2*i + 6. Suppose 0 = -3*d - 6, -2*d = -g + 2*g - 46. Suppose -g = -5*n - f*n. Is n a multiple of 10?
True
Suppose -29 - 31 = -5*w. Suppose 0 = 2*l - 2*y - 2 - 24, 2*y = l - w. Does 7 divide l?
True
Let d(b) = 71*b - 1. Does 16 divide d(1)?
False
Suppose 3*r + r - 20 = 0. Let j(y) = y**2 + 5*y + 2. Let b be j(-5). Suppose -b*z - 7 = 2*k - 45, r*z = -4*k + 77. Is 17 a factor of k?
False
Let p(g) = -g**2 - 12*g - 12. Let u be p(-9). Suppose 53 = s - u. Suppose 5*j + 4*k = s, 10 = 3*k + 2*k. Is j a multiple of 6?
True
Let m(j) = j**3 + 4*j**2 + j + 4. Let n be m(-3). Suppose 0*b + n = -2*b. Let g = 0 - b. Is g a multiple of 2?
False
Suppose -86 = -4*q + 5*n, -5*n + 0 + 9 = q. Is 5 a factor of q?
False
Suppose 2*l = 2*r - 44, 2*r - 2*l - 38 = -6*l. Is 20 a factor of 6/r + 278/7?
True
Suppose 0 = -4*c - 2*r + 330, 0 = 5*c + 3*r - 269 - 146. Is c a multiple of 4?
True
Let d be 2 - (3 - 74) - -2. Suppose -3*z = -h - 124, -255 + d = -5*z - 5*h. Does 12 divide z?
False
Let g(w) = -w**3 + 5*w**2 - 3*w + 1. Let u be g(4). Suppose -4*i + 5*i = -c + 33, 0 = -u*c + 4*i + 192. Does 9 divide c?
True
Let z be (-1 - 1) + 0 + 6. Suppose 0 = -0*m - 2*m + z. Suppose -4*d = m*a + a - 71, a + 9 = d. Does 14 divide d?
True
Let g(a) = a**2 + 20*a + 2. Is g(-20) a multiple of 2?
True
Let d(f) = -7*f + 8. Does 18 divide d(-4)?
True
Suppose 5*d - 176 = 9. Suppose q = -0*r + 2*r - d, 94 = 4*r + 2*q. Does 9 divide r?
False
Suppose 12 = -3*y + 3. Let g be y/6 + (-133)/(-2). Suppose 3*r + q - g = -14, -4*r - 3*q = -76. Is r a multiple of 16?
True
Suppose 4*s + 5*f = 55, -4*f + 3 = -s + 1. Does 9 divide s?
False
Suppose 4*y - 6 = y. Suppose 0 = 3*o + y*o - 70. Does 13 divide -3 + 4 + -2 + o?
True
Suppose g - 3*o - 29 = 0, -4*g + 60 = 3*o - o. Does 9 divide g?
False
Let a = -9 - -11. Suppose -5*m - 77 = -3*j, -m + 1 = -a*m. Is 7 a factor of j?
False
Suppose -3*g + 8*g - 280 = 0. Is g a multiple of 14?
True
Suppose 4*d = 20, 2*d - 154 = -4*m + m. Is 6 a factor of m?
True
Suppose 0*d = -4*d + 88. Suppose 4*k = 2*o + 2*o - 56, -5*k - d = -o. Does 3 divide o?
True
Suppose s = -2*d + 75, 3*d - d - 4*s = 60. Is 4 a factor of ((-8)/(-3))/(8/d)?
True
Let r(u) = 10*u - 1. Let f = 6 + -4. Does 19 divide r(f)?
True
Let k = 7 + -5. Suppose 4*u = -4*m - 11 - 5, -5*m = -k*u - 8. Suppose -3*r = 3*q - 4*q - 161, -5*r + q + 265 = m. Is r a multiple of 21?
False
Let z(k) = 69*k - 11. Does 23 divide z(3)?
False
Let r(f) = f**3 + 3*f**2 - 8*f + 10. Is r(4) a multiple of 9?
True
Let y(z) = -17*z - 2. Is 16 a factor of y(-2)?
True
Is 8 a factor of (-36)/(-7)*(-3)/(45/(-70))?
True
Is 5 a factor of 2*(-39)/(-6) - (1 + 2)?
True
Suppose -2*q = -4*z + 40, 2*q + z + z = -10. Does 4 divide (-5)/25 + (-72)/q?
False
Suppose -s + 110 = -10. Does 32 divide s?
False
Let j(n) be the second derivative of 5*n**3/3 - 10*n**2 + n. Let z(d) = -5*d + 10. Let i(f) = -6*j(f) - 13*z(f). Is i(7) a multiple of 10?
False
Let o(x) be the second derivative of x**4/12 - x**3/6 + 21*x**2/2 - 2*x. Is o(0) a multiple of 21?
True
Suppose -5*b = -7*b + 150. Is b a multiple of 21?
False
Let u(a) = -a**3 + 10*a**2 + a - 6. Let s(c) = -2*c**3 + 21*c**2 + 2*c - 12. Let h(z) = -3*s(z) + 7*u(z). Let w be h(7). Is 22 + w - (3 + 0) a multiple of 20?
True
Suppose -3*q + 10 = -q. Does 24 divide -7*(480/(-28))/q?
True
Suppose -8 + 2 = -h. Let i be 43/5 + h/15. Suppose t = 2 + i. Does 8 divide t?
False
Let m(b) = -5*b + 5. Let q be m(2). Let t = q + 8. Is t a multiple of 2?
False
Suppose 27 = 2*y - 25. Suppose 3*w = 7 + 8, 2*q + w - 5 = 0. Suppose q = b - 0*b - y. Is b a multiple of 13?
True
Suppose 2*x = -w + 23 - 341, w + 318 = -5*x. Let y be w/(-14) + (-8)/(-28). Let d = y + -10. Is d a multiple of 9?
False
Is 4 a factor of (-3 - 26/(-10))*-20?
True
Does 9 divide 4/10 + (-1372)/(-20)?
False
Suppose 0 = -5*s - 2*o + 35, 5*s + 4*o - 44 - 1 = 0. Let a be 6/30 - (-29)/s. Suppose -3*b = -2*q - 16, a*q = 2*b + q - 7. Does 6 divide b?
True
Let i be (-4)/(-14) + 235/35. Suppose -3*q - 16 = -i*q. Is q a multiple of 2?
True
Suppose -5*r - 3*h = -137 - 126, 1 = h. Let c = 70 + -45. Suppose r = 5*k - 3*g, -2*k + 0*g = 3*g - c. Is k a multiple of 11?
True
Let l(s) = 13*s**2 + 8*s + 5. Is l(-4) a multiple of 22?
False
Let a(i) = i**2 + 12*i - 15. Let t be a(-13). Is (-8 - -7)/(t/24) a multiple of 10?
False
Let n(j) = 32*j - 16. Does 12 divide n(5)?
True
Let g be ((-6)/4)/(6/(-8)). Suppose -3*x = k - 15, -7*x - 4*k = -g*x - 32. Is x even?
True
Suppose 0 = 4*k + 4*b - 44, -5*k + 3*b + 44 = -k. Suppose 5*j = -t + 9, -2*j = 5*t - k - 11. Suppose 7*z - 72 = t*z. Is z a multiple of 9?
False
Suppose -2*z = -5*z. Let t = z - 0. Let d = 5 - t. Is 3 a factor of d?
False
Let g = 71 - 8. Let c = 45 - g. Let q = -1 - c. Is 6 a factor of q?
False
Suppose -2*o = -3*o + 45. Suppose 2*y - 3*y = -3*n - 17, -3*y + 3*n + o = 0. Is 5 a factor of y?
False
Let m(w) = w**2 - 15*w + 18. Let p be m(14). Suppose -2*k = 6, -133 = -p*o - 5*k + 44. Is 9 a factor of o?
False
Let k = 0 + 4. Suppose -2*g = g - 18. Suppose -5*r - g = 2*a - 33, k = -4*r. Is a a multiple of 16?
True
Suppose 6*f - f = 140. Is 5 a factor of f?
False
Let o be (6 - 0)/((-3)/(-2)). Suppose -70 = -8*r + 4*r - 5*t, o*r = -2*t + 64. Let z = -7 + r. Is 8 a factor of z?
True
Let k(c) = -c**3 - 5*c**2 + 5*c - 6. Let d be k(-6). Suppose 4*j = -d*j + 88. Is j a multiple of 4?
False
Let r be (-1)/2*(0 + -2). Let t(l) = -5*l - 5. Let s be t(-4). Is 16 a factor of s*(r - -1) + 2?
True
Let b be 7/(-5) - 14/(-35). Let y(s) = 15*s**2 + 2*s. Does 4 divide y(b)?
False
Let j(h) = h**2 - 3*h + 2. Let n be j(7). Suppose 5*l = n - 10. Suppose l*o + 4 = 5*o. Does 4 divide o?
True
Suppose k = 2*k - 2. Suppose -h = 2*h + 9, -k*x - 5*h + 89 = 0. Does 11 divide x?
False
Suppose 2*q = 5*q - 9. Is q a multiple of 3?
True
Let o = 288 + -111. Let d = -115 + o. Is 16 a factor of d?
False
Let a = 7 - -2. Let l(j) = -3*j**3 + 2*j**3 + 5*j - 5 - 11*j + a*j**2. Is 15 a factor of l(7)?
False
Let b be (0 - 5)*(-12)/15. Suppose 105 = 5*u + 2*q + 3*q, -b*u + 5*q = -75. Suppose -u = -0*d - d. Is d a multiple of 10?
True
Suppose 0 = -0*o + 5*o. Let g be ((-2)/5)/(3/(-15)). Suppose -5*b + 60 = 3*v + 18, -g*b = o. Is v a multiple of 7?
True
Suppose d = 2*h + 9, -2*h + 2*d - 6 = 4. Let w(l) = -3*l + 3. Is 6 a factor of w(h)?
False
Let o = -303 + 498. Is o a multiple of 39?
True
Let s(v) = 4*v**2 - 5*v. Suppose p + 0*p = -14. Let d = -10 - p. Does 22 divide s(d)?
True
Suppose 4*k - 3 = -10*z + 5*z, -4*k + 4*z + 12 = 0. Suppose 54 = 4*t - 0*q - k*q, -4*q - 72 = -5*t. Does 6 divide t?
True
Suppose 0 = 2*p + 10 - 2. Let j = p - -9. Let o(i) = 3*i - 6. Is 9 a factor of o(j)?
True
Let n(j) = -j**2 - 8*j - 11. Let c be n(-6). Let g(m) = -m**2 + 6*m - 3. Let f be g(2). Suppose f*a - 36 = 4*r, 4*r = 3*r + c. Is a a multiple of 8?
True
Let z be 2*((-5)/(-2) - 1). Suppose -z*h = -h - 18. Is h a multiple of 9?
True
Suppose 4*z = 0, -48 = -4*o + 2*z - 0*z. Is o a multiple of 2?
True
Suppose 578 = 12*c - 46. Is c a multiple of 4?
True
Let g = 196 - 91. Is 31 a factor of g?
False
Let 